{"version":"1.0","provider_name":"Gegenstrom","provider_url":"https:\/\/gegenstrom.org\/en","author_name":"Johannes Scharf","author_url":"https:\/\/gegenstrom.org\/en\/author\/johannes-scharf\/","title":"\"Im Westen was Neues\". Teil 1 - Gegenstrom","type":"rich","width":600,"height":338,"html":"<blockquote class=\"wp-embedded-content\" data-secret=\"8zqILdERAB\"><a href=\"https:\/\/gegenstrom.org\/en\/gastbeitrag-im-westen-was-neues-teil-1\/\">&#8222;Im Westen was Neues&#8220;. Teil 1<\/a><\/blockquote><iframe sandbox=\"allow-scripts\" security=\"restricted\" src=\"https:\/\/gegenstrom.org\/en\/gastbeitrag-im-westen-was-neues-teil-1\/embed\/#?secret=8zqILdERAB\" width=\"600\" height=\"338\" title=\"&#8220;&#8222;Im Westen was Neues&#8220;. Teil 1&#8221; &#8212; Gegenstrom\" data-secret=\"8zqILdERAB\" frameborder=\"0\" marginwidth=\"0\" marginheight=\"0\" scrolling=\"no\" class=\"wp-embedded-content\"><\/iframe><script type=\"text\/javascript\">\n\/* <![CDATA[ *\/\n\/*! This file is auto-generated *\/\n!function(d,l){\"use strict\";l.querySelector&&d.addEventListener&&\"undefined\"!=typeof URL&&(d.wp=d.wp||{},d.wp.receiveEmbedMessage||(d.wp.receiveEmbedMessage=function(e){var t=e.data;if((t||t.secret||t.message||t.value)&&!\/[^a-zA-Z0-9]\/.test(t.secret)){for(var s,r,n,a=l.querySelectorAll('iframe[data-secret=\"'+t.secret+'\"]'),o=l.querySelectorAll('blockquote[data-secret=\"'+t.secret+'\"]'),c=new RegExp(\"^https?:$\",\"i\"),i=0;i<o.length;i++)o[i].style.display=\"none\";for(i=0;i<a.length;i++)s=a[i],e.source===s.contentWindow&&(s.removeAttribute(\"style\"),\"height\"===t.message?(1e3<(r=parseInt(t.value,10))?r=1e3:~~r<200&&(r=200),s.height=r):\"link\"===t.message&&(r=new URL(s.getAttribute(\"src\")),n=new URL(t.value),c.test(n.protocol))&&n.host===r.host&&l.activeElement===s&&(d.top.location.href=t.value))}},d.addEventListener(\"message\",d.wp.receiveEmbedMessage,!1),l.addEventListener(\"DOMContentLoaded\",function(){for(var e,t,s=l.querySelectorAll(\"iframe.wp-embedded-content\"),r=0;r<s.length;r++)(t=(e=s[r]).getAttribute(\"data-secret\"))||(t=Math.random().toString(36).substring(2,12),e.src+=\"#?secret=\"+t,e.setAttribute(\"data-secret\",t)),e.contentWindow.postMessage({message:\"ready\",secret:t},\"*\")},!1)))}(window,document);\n\/* ]]> *\/\n<\/script>","thumbnail_url":"https:\/\/gegenstrom.org\/wp-content\/uploads\/2017\/01\/Johannes-Scharf-Header-715x300.jpg","thumbnail_width":715,"thumbnail_height":300,"description":"zuvor erschienen in der Zeitschrift &#8222;Volk in Bewegung&#8220;, Ausgabe 6\/ 2016 &#8211; Ruhten die Hoffnungen identit\u00e4rer Kr\u00e4fte in Zentraleuropa bis vor einigen Tagen noch in erster Linie auf Impulsen, die von Osteuropa einschlie\u00dflich der Russischen F\u00f6deration ausgingen und war ansonsten der Himmel \u00fcber Deutschlands und Europas Zukunft d\u00fcster und wolkenverhangen, klart sich dieser nun auf [&hellip;]"}

zuvor erschienen in der Zeitschrift &#8222;Volk in Bewegung&#8220;, Ausgabe 6/ 2016 &#8211; Ruhten die Hoffnungen identitärer Kräfte in Zentraleuropa bis vor einigen Tagen noch in erster Linie auf Impulsen, die von Osteuropa einschließlich der Russischen Föderation ausgingen und war ansonsten der Himmel über Deutschlands und Europas Zukunft düster und wolkenverhangen, klart sich dieser nun auf [&hellip;]
