{"version":"1.0","provider_name":"Gegenstrom","provider_url":"https:\/\/gegenstrom.org\/en","author_name":"Stefan Brakus","author_url":"https:\/\/gegenstrom.org\/en\/author\/stefan-brakus\/","title":"Das Ideal des Paneurop\u00e4ischen Nationalismus - Gegenstrom","type":"rich","width":600,"height":338,"html":"<blockquote class=\"wp-embedded-content\" data-secret=\"3h3FEF4WaG\"><a href=\"https:\/\/gegenstrom.org\/en\/das-ideal-des-paneuropaeischen-nationalismus\/\">Das Ideal des Paneurop\u00e4ischen Nationalismus<\/a><\/blockquote><iframe sandbox=\"allow-scripts\" security=\"restricted\" src=\"https:\/\/gegenstrom.org\/en\/das-ideal-des-paneuropaeischen-nationalismus\/embed\/#?secret=3h3FEF4WaG\" width=\"600\" height=\"338\" title=\"&#8220;Das Ideal des Paneurop\u00e4ischen Nationalismus&#8221; &#8212; Gegenstrom\" data-secret=\"3h3FEF4WaG\" frameborder=\"0\" marginwidth=\"0\" marginheight=\"0\" scrolling=\"no\" class=\"wp-embedded-content\"><\/iframe><script type=\"text\/javascript\">\n\/* <![CDATA[ *\/\n\/*! This file is auto-generated *\/\n!function(d,l){\"use strict\";l.querySelector&&d.addEventListener&&\"undefined\"!=typeof URL&&(d.wp=d.wp||{},d.wp.receiveEmbedMessage||(d.wp.receiveEmbedMessage=function(e){var t=e.data;if((t||t.secret||t.message||t.value)&&!\/[^a-zA-Z0-9]\/.test(t.secret)){for(var s,r,n,a=l.querySelectorAll('iframe[data-secret=\"'+t.secret+'\"]'),o=l.querySelectorAll('blockquote[data-secret=\"'+t.secret+'\"]'),c=new RegExp(\"^https?:$\",\"i\"),i=0;i<o.length;i++)o[i].style.display=\"none\";for(i=0;i<a.length;i++)s=a[i],e.source===s.contentWindow&&(s.removeAttribute(\"style\"),\"height\"===t.message?(1e3<(r=parseInt(t.value,10))?r=1e3:~~r<200&&(r=200),s.height=r):\"link\"===t.message&&(r=new URL(s.getAttribute(\"src\")),n=new URL(t.value),c.test(n.protocol))&&n.host===r.host&&l.activeElement===s&&(d.top.location.href=t.value))}},d.addEventListener(\"message\",d.wp.receiveEmbedMessage,!1),l.addEventListener(\"DOMContentLoaded\",function(){for(var e,t,s=l.querySelectorAll(\"iframe.wp-embedded-content\"),r=0;r<s.length;r++)(t=(e=s[r]).getAttribute(\"data-secret\"))||(t=Math.random().toString(36).substring(2,12),e.src+=\"#?secret=\"+t,e.setAttribute(\"data-secret\",t)),e.contentWindow.postMessage({message:\"ready\",secret:t},\"*\")},!1)))}(window,document);\n\/* ]]> *\/\n<\/script>","thumbnail_url":"https:\/\/gegenstrom.org\/wp-content\/uploads\/2022\/11\/Werbebanner-Agora-3-scaled.jpg","thumbnail_width":2560,"thumbnail_height":1074,"description":"Aus dem Englischen \u00fcbersetzt von Alexander Markovics Stefan Brakus geht in diesem Essay auf die Ideologie des paneurop\u00e4ischen Nationalismus ein, wobei er sich stark auf Sir Oswald Mosley bezieht. Unser Autor beschreibt damit ein Ph\u00e4nomen, welches innerhalb der deutschen Rechten eher vernachl\u00e4ssigt wurde, jedoch mit Zuspitzung und Internationalisierung der Probleme zunehmend vorzufinden ist. Der Artikel [&hellip;]"}

Das Ideal des Paneuropäischen Nationalismus - Gegenstrom

<blockquote class="wp-embedded-content" data-secret="3h3FEF4WaG"><a href="https://gegenstrom.org/en/das-ideal-des-paneuropaeischen-nationalismus/">Das Ideal des Paneuropäischen Nationalismus</a></blockquote><iframe sandbox="allow-scripts" security="restricted" src="https://gegenstrom.org/en/das-ideal-des-paneuropaeischen-nationalismus/embed/#?secret=3h3FEF4WaG" width="600" height="338" title="&#8220;Das Ideal des Paneuropäischen Nationalismus&#8221; &#8212; Gegenstrom" data-secret="3h3FEF4WaG" frameborder="0" marginwidth="0" marginheight="0" scrolling="no" class="wp-embedded-content"></iframe><script type="text/javascript">
/* <![CDATA[ */
/*! This file is auto-generated */
!function(d,l){"use strict";l.querySelector&&d.addEventListener&&"undefined"!=typeof URL&&(d.wp=d.wp||{},d.wp.receiveEmbedMessage||(d.wp.receiveEmbedMessage=function(e){var t=e.data;if((t||t.secret||t.message||t.value)&&!/[^a-zA-Z0-9]/.test(t.secret)){for(var s,r,n,a=l.querySelectorAll('iframe[data-secret="'+t.secret+'"]'),o=l.querySelectorAll('blockquote[data-secret="'+t.secret+'"]'),c=new RegExp("^https?:$","i"),i=0;i<o.length;i++)o[i].style.display="none";for(i=0;i<a.length;i++)s=a[i],e.source===s.contentWindow&&(s.removeAttribute("style"),"height"===t.message?(1e3<(r=parseInt(t.value,10))?r=1e3:~~r<200&&(r=200),s.height=r):"link"===t.message&&(r=new URL(s.getAttribute("src")),n=new URL(t.value),c.test(n.protocol))&&n.host===r.host&&l.activeElement===s&&(d.top.location.href=t.value))}},d.addEventListener("message",d.wp.receiveEmbedMessage,!1),l.addEventListener("DOMContentLoaded",function(){for(var e,t,s=l.querySelectorAll("iframe.wp-embedded-content"),r=0;r<s.length;r++)(t=(e=s[r]).getAttribute("data-secret"))||(t=Math.random().toString(36).substring(2,12),e.src+="#?secret="+t,e.setAttribute("data-secret",t)),e.contentWindow.postMessage({message:"ready",secret:t},"*")},!1)))}(window,document);
/* ]]> */
</script>

Aus dem Englischen übersetzt von Alexander Markovics Stefan Brakus geht in diesem Essay auf die Ideologie des paneuropäischen Nationalismus ein, wobei er sich stark auf Sir Oswald Mosley bezieht. Unser Autor beschreibt damit ein Phänomen, welches innerhalb der deutschen Rechten eher vernachlässigt wurde, jedoch mit Zuspitzung und Internationalisierung der Probleme zunehmend vorzufinden ist. Der Artikel [&hellip;]
