{"version":"1.0","provider_name":"Gegenstrom","provider_url":"https:\/\/gegenstrom.org\/en","author_name":"Peter Steinborn","author_url":"https:\/\/gegenstrom.org\/en\/author\/peter-steinborn\/","title":"Das Ende des liberalistischen Zeitalters - Gegenstrom","type":"rich","width":600,"height":338,"html":"<blockquote class=\"wp-embedded-content\" data-secret=\"9KHFcjRc0L\"><a href=\"https:\/\/gegenstrom.org\/en\/das-ende-des-liberalistischen-zeitalters\/\">Das Ende des liberalistischen Zeitalters<\/a><\/blockquote><iframe sandbox=\"allow-scripts\" security=\"restricted\" src=\"https:\/\/gegenstrom.org\/en\/das-ende-des-liberalistischen-zeitalters\/embed\/#?secret=9KHFcjRc0L\" width=\"600\" height=\"338\" title=\"&#8220;Das Ende des liberalistischen Zeitalters&#8221; &#8212; Gegenstrom\" data-secret=\"9KHFcjRc0L\" frameborder=\"0\" marginwidth=\"0\" marginheight=\"0\" scrolling=\"no\" class=\"wp-embedded-content\"><\/iframe><script type=\"text\/javascript\">\n\/* <![CDATA[ *\/\n\/*! This file is auto-generated *\/\n!function(d,l){\"use strict\";l.querySelector&&d.addEventListener&&\"undefined\"!=typeof URL&&(d.wp=d.wp||{},d.wp.receiveEmbedMessage||(d.wp.receiveEmbedMessage=function(e){var t=e.data;if((t||t.secret||t.message||t.value)&&!\/[^a-zA-Z0-9]\/.test(t.secret)){for(var s,r,n,a=l.querySelectorAll('iframe[data-secret=\"'+t.secret+'\"]'),o=l.querySelectorAll('blockquote[data-secret=\"'+t.secret+'\"]'),c=new RegExp(\"^https?:$\",\"i\"),i=0;i<o.length;i++)o[i].style.display=\"none\";for(i=0;i<a.length;i++)s=a[i],e.source===s.contentWindow&&(s.removeAttribute(\"style\"),\"height\"===t.message?(1e3<(r=parseInt(t.value,10))?r=1e3:~~r<200&&(r=200),s.height=r):\"link\"===t.message&&(r=new URL(s.getAttribute(\"src\")),n=new URL(t.value),c.test(n.protocol))&&n.host===r.host&&l.activeElement===s&&(d.top.location.href=t.value))}},d.addEventListener(\"message\",d.wp.receiveEmbedMessage,!1),l.addEventListener(\"DOMContentLoaded\",function(){for(var e,t,s=l.querySelectorAll(\"iframe.wp-embedded-content\"),r=0;r<s.length;r++)(t=(e=s[r]).getAttribute(\"data-secret\"))||(t=Math.random().toString(36).substring(2,12),e.src+=\"#?secret=\"+t,e.setAttribute(\"data-secret\",t)),e.contentWindow.postMessage({message:\"ready\",secret:t},\"*\")},!1)))}(window,document);\n\/* ]]> *\/\n<\/script>","thumbnail_url":"https:\/\/gegenstrom.org\/wp-content\/uploads\/2017\/10\/Alexander_Dugin.jpg","thumbnail_width":715,"thumbnail_height":300,"description":"Wir leben heute in der Lebenswirklichkeit des Liberalismus. Nachdem mit Glasnost und Perestroika ein neues Zeitalter eingel\u00e4utet wurde und 1990 in eine Wende innerhalb der Weltordnung m\u00fcndete, zogen Philosophen und Politikwissenschaftler, wie u.a. der wohl ber\u00fchmteste Sch\u00fcler Allan Blooms, Francis Fukuyama, den Schluss, dass das \u201eEnde der Geschichte\u201c eingetreten sei. Der Liberalismus, also die erste [&hellip;]"}

Wir leben heute in der Lebenswirklichkeit des Liberalismus. Nachdem mit Glasnost und Perestroika ein neues Zeitalter eingeläutet wurde und 1990 in eine Wende innerhalb der Weltordnung mündete, zogen Philosophen und Politikwissenschaftler, wie u.a. der wohl berühmteste Schüler Allan Blooms, Francis Fukuyama, den Schluss, dass das „Ende der Geschichte“ eingetreten sei. Der Liberalismus, also die erste [&hellip;]
