{"version":"1.0","provider_name":"Gegenstrom","provider_url":"https:\/\/gegenstrom.org\/en","author_name":"Peter Steinborn","author_url":"https:\/\/gegenstrom.org\/en\/author\/peter-steinborn\/","title":"Corona: Zeiten der Wirren - Gegenstrom","type":"rich","width":600,"height":338,"html":"<blockquote class=\"wp-embedded-content\" data-secret=\"0O9NXvuZ4p\"><a href=\"https:\/\/gegenstrom.org\/en\/corona-zeiten-der-wirren\/\">Corona: Zeiten der Wirren<\/a><\/blockquote><iframe sandbox=\"allow-scripts\" security=\"restricted\" src=\"https:\/\/gegenstrom.org\/en\/corona-zeiten-der-wirren\/embed\/#?secret=0O9NXvuZ4p\" width=\"600\" height=\"338\" title=\"&#8220;Corona: Zeiten der Wirren&#8221; &#8212; Gegenstrom\" data-secret=\"0O9NXvuZ4p\" frameborder=\"0\" marginwidth=\"0\" marginheight=\"0\" scrolling=\"no\" class=\"wp-embedded-content\"><\/iframe><script type=\"text\/javascript\">\n\/* <![CDATA[ *\/\n\/*! This file is auto-generated *\/\n!function(d,l){\"use strict\";l.querySelector&&d.addEventListener&&\"undefined\"!=typeof URL&&(d.wp=d.wp||{},d.wp.receiveEmbedMessage||(d.wp.receiveEmbedMessage=function(e){var t=e.data;if((t||t.secret||t.message||t.value)&&!\/[^a-zA-Z0-9]\/.test(t.secret)){for(var s,r,n,a=l.querySelectorAll('iframe[data-secret=\"'+t.secret+'\"]'),o=l.querySelectorAll('blockquote[data-secret=\"'+t.secret+'\"]'),c=new RegExp(\"^https?:$\",\"i\"),i=0;i<o.length;i++)o[i].style.display=\"none\";for(i=0;i<a.length;i++)s=a[i],e.source===s.contentWindow&&(s.removeAttribute(\"style\"),\"height\"===t.message?(1e3<(r=parseInt(t.value,10))?r=1e3:~~r<200&&(r=200),s.height=r):\"link\"===t.message&&(r=new URL(s.getAttribute(\"src\")),n=new URL(t.value),c.test(n.protocol))&&n.host===r.host&&l.activeElement===s&&(d.top.location.href=t.value))}},d.addEventListener(\"message\",d.wp.receiveEmbedMessage,!1),l.addEventListener(\"DOMContentLoaded\",function(){for(var e,t,s=l.querySelectorAll(\"iframe.wp-embedded-content\"),r=0;r<s.length;r++)(t=(e=s[r]).getAttribute(\"data-secret\"))||(t=Math.random().toString(36).substring(2,12),e.src+=\"#?secret=\"+t,e.setAttribute(\"data-secret\",t)),e.contentWindow.postMessage({message:\"ready\",secret:t},\"*\")},!1)))}(window,document);\n\/* ]]> *\/\n<\/script>","thumbnail_url":"https:\/\/gegenstrom.org\/wp-content\/uploads\/2020\/04\/Corona-und-die-Globalisierung.jpg","thumbnail_width":715,"thumbnail_height":300,"description":"Die Spannung war gro\u00df, als die Kanzlerin Angela Merkel zusammen mit dem bayerischen Ministerpr\u00e4sidenten Markus S\u00f6der, dem Bundesfinanzminister Olaf Scholz und dem Esten und Hamburger B\u00fcrgermeister Peter Tschentscher am 15. April 2020 zur Pressekonferenz nach den Beratungen zum Umgang mit der Corona-Krise traten. Viele Menschen \u2013 insbesondere aus der Wirtschaft \u2013 d\u00fcrften auf eine Lockerung [&hellip;]"}

Die Spannung war groß, als die Kanzlerin Angela Merkel zusammen mit dem bayerischen Ministerpräsidenten Markus Söder, dem Bundesfinanzminister Olaf Scholz und dem Esten und Hamburger Bürgermeister Peter Tschentscher am 15. April 2020 zur Pressekonferenz nach den Beratungen zum Umgang mit der Corona-Krise traten. Viele Menschen – insbesondere aus der Wirtschaft – dürften auf eine Lockerung [&hellip;]
